 (-40)/o*-6 - 2/3?
6
Let f(d) = -d + 16. Let t be f(11). Let k be t/20 + 3/(-12). Suppose -3*v = -m - 154, 3*v = -k*m - 2*m + 151. What is the units digit of v?
1
Let t(r) = -r**3 - 5*r**2 - 7*r - 10. Let k be t(-4). Suppose 0 = -3*h + 4*z + 40, k*h - z - 28 = 2*z. What is the units digit of h?
8
Suppose 0 = 3*h - 13 + 1. Suppose 121 = h*s - 331. What is the units digit of s?
3
Let v(b) = 2*b**2 - 10*b + 5. Let h be v(5). Suppose -o - 1 = -h. What is the units digit of o?
4
Suppose 42*z = 36*z + 1158. What is the units digit of z?
3
Let l(a) be the second derivative of -3*a**5/20 - a**4/12 - a**2/2 + 17*a. What is the units digit of l(-2)?
9
Let z(v) = v**2 - v - 14. Let q(n) = 11*n**2 - 4*n + 5. Let p be q(1). What is the hundreds digit of z(p)?
1
Let p = 35 - 36. Let g(m) = -3*m**3 + m**2. Let l be g(p). Suppose -60 = -2*z + l*i, -i - 3*i = z - 12. What is the units digit of z?
4
What is the units digit of 8/(-28) - (-25888)/56?
2
Let l(z) = 13*z**2 + 8*z + 9. Let k be l(-6). Let c = -617 + k. What is the units digit of 30/45 - c/6?
2
Suppose 2 = -h + 1. Let c be (7 - 8)/(h/(-3)). What is the units digit of 33 + (0 - -1) - c?
7
Let r = -197 - -393. Let k = 1 - -4. Suppose -r - 14 = -k*q. What is the units digit of q?
2
Let i be 10 - (-2)/((-2)/5). Suppose -i*j + 24 = 4*n, -5*j - n + 2*n = -19. What is the units digit of j?
4
Suppose 193 = 3*p + 5*r, 4*p + 0*r + 5*r = 259. Let n = -47 + p. What is the tens digit of n?
1
Let a(r) = 15*r - 3. Suppose -3*z - z = -2*x, -2*z + 10 = 4*x. What is the tens digit of a(x)?
2
Let a be ((-52)/30 - (-12)/9)*-1625. Suppose -s - 2*z + 93 = -36, a = 5*s + 5*z. What is the hundreds digit of s?
1
Suppose 0 = 81*c - 72922 - 122126. What is the thousands digit of c?
2
Let i(n) be the first derivative of n**2/2 + 23*n - 26. Suppose 0 = a + 5*y + 10, a = -3*a - 2*y - 40. What is the tens digit of i(a)?
1
Let h = -113 + 203. What is the tens digit of h?
9
Let z(p) = -p**2 + 28*p - 38. What is the hundreds digit of z(19)?
1
Suppose 5*o - 265 = 4*k - 58, 3*o + 109 = -2*k. Let j = k + 88. What is the units digit of j?
5
Let v be (4 - 1)*(1/(-3) - 3). What is the units digit of (-5)/((-70)/844) - v/(-35)?
0
Let t(k) = k**2 + 7*k - 1. Let g be t(-7). Let j(n) = -9*n**3 + n**2 + 2*n + 1. Let o be j(g). Let h = o - -17. What is the tens digit of h?
2
Suppose -54 = 4*q + 102. Suppose -5*o - 4 - 1 = 0, 4*a - 341 = -3*o. Let i = a + q. What is the units digit of i?
7
Let p(l) = 5*l**3 - 4*l**2 + l + 25. What is the units digit of p(5)?
5
Suppose 5*x - x = 864. Suppose -3*t + 12 = 0, 0*t - t - x = -5*a. What is the units digit of a?
4
What is the hundreds digit of (4 + -5)*2 - 2*-271?
5
Let f = 164 + -114. Suppose -f = -2*z - 2*r, -z + 3*r = z - 25. What is the units digit of 1505/z + (-3)/12?
5
Let r be 2/6 - 6/(-9). Suppose 16*i + 130 = 11*i. Let g = r - i. What is the units digit of g?
7
Let j = -1 - 0. Let v = -126 + 128. What is the units digit of ((-1)/v)/(j/14)?
7
Let k(d) = 6 - 4*d - 5 + d**2 + d**2 - 5. What is the tens digit of k(5)?
2
Suppose -14 = -6*q - 8, x - 227 = 4*q. What is the units digit of x?
1
Let h = -50 - -500. What is the units digit of h?
0
Let d(h) = -h**3 + 12*h**2 + 17. Let p be ((3 - 0) + -4)*-11 + 1. What is the tens digit of d(p)?
1
Let i(q) = -q**3 + 5*q**2 + 6*q + 8. Let t be i(6). Suppose t - 2 = 2*j. Let l = j + 1. What is the units digit of l?
4
Let j(g) = -g - 12. Let i be j(-12). Let f(v) = -2*v + 14. What is the units digit of f(i)?
4
Let i(y) be the third derivative of y**5/20 - 2*y**4/3 - 7*y**3/6 + 5*y**2. Let s(g) be the first derivative of i(g). What is the units digit of s(6)?
0
Let i(s) = 82 - 6*s**2 - 6*s + s**3 - 106 + 19*s + 0*s**2. What is the tens digit of i(6)?
5
Let q(a) = -a**3 + 9*a**2 + 22*a - 12. What is the units digit of q(-12)?
8
Let l(n) = n**3 - 13*n**2 - 41*n + 20. What is the hundreds digit of l(17)?
4
Suppose -3*i - 5*x + 17 + 34 = 0, 5*i - 3*x - 119 = 0. Suppose -2*g = -20 - i. What is the units digit of g?
1
Let m = 342 + -207. Suppose 350 = 5*f - m. What is the units digit of f?
7
What is the units digit of (2871/(-27))/(-1*(-1)/(-9))?
7
Let b = -749 + 1264. Suppose -7*n + b = -2*n. What is the tens digit of n?
0
Let g = -137 + 98. Let n = 5 - g. What is the units digit of n?
4
Suppose 15*t - 13*t = -6. Let f = t - 2. What is the units digit of 1/(((-20)/24)/f)?
6
Let m = 12466 + -8167. What is the units digit of m?
9
Let x be (3 - 5)*1 - -7. Suppose -h + 2 = 5*n - 10, 2*n = x*h + 48. Let o(k) = -k**3 - 7*k**2 + 6*k + 6. What is the units digit of o(h)?
2
Let r be -59 + -1 + (1 - 0). Let p = 6 - r. Suppose -6*t = -t - p. What is the tens digit of t?
1
Let b be (-1)/(-5) - (-8631)/45. Suppose 0*v - b = -3*v. What is the units digit of v?
4
Let y be ((-12)/9)/((-8)/156). Let a = y + -13. Let b(z) = -z**3 + 14*z**2 - 9*z - 19. What is the units digit of b(a)?
3
What is the thousands digit of 122455/57 - 6/(-9)?
2
Let u be 1*2 + 0 + 0. Suppose -5*o + 166 = i, 26 - 10 = -4*i. Suppose -n - 4*j = u*n - 152, 2*j = n - o. What is the units digit of n?
4
Suppose 5*y - 8 = l, -4*l - 4*y + 3 = -13. Suppose -520 + 144 = -4*v. Suppose -34 = l*n - v. What is the units digit of n?
0
Suppose -12*h + 8940 = 3*h. What is the units digit of h?
6
Let q(l) = 54*l**3 + 2*l - 1. Let z be q(1). Suppose 4*u - z = 153. What is the tens digit of u?
5
Let g = 99 - 94. Let x(c) = -c - 1. Let z(p) = p**2 - 5*p + 1. Let v(a) = -2*x(a) + z(a). What is the units digit of v(g)?
3
Let g = -501 - -139. Let o be 2/(g/(-91) - 4). Let t = -50 - o. What is the tens digit of t?
4
Suppose 0 = -19*j - 4*j + 6141. What is the hundreds digit of j?
2
Suppose 28 = 3*i - 7*v + 3*v, 5*i = -4*v + 4. Suppose i*g = g + 324. Suppose -2*x = 18 - g. What is the tens digit of x?
4
Let x = 192 - -961. What is the units digit of x?
3
Suppose -5*a = 83 + 12. Let l = 18 + a. What is the tens digit of 31 - 0 - -1 - l?
3
What is the tens digit of 7*1*(-5250)/(-490)?
7
Let v = -1403 - -2132. What is the units digit of v?
9
Let d(h) = -h - 8. Let t be d(-10). Suppose -27 = t*l - 255. What is the tens digit of l?
1
Suppose 108*g - 30989 = 101*g. What is the units digit of g?
7
Let g be ((-4)/6)/(1/3*-1). Suppose -3*d = d + r - 1128, -2*r = -g*d + 574. What is the tens digit of d?
8
Suppose 3*x - 8 = -x. Let r be (6/x)/((-8)/16). Let h(v) = 3*v**2 + 13*v + 3. What is the units digit of h(r)?
3
Suppose 5*l + 2*m - 12 = -0*l, -5*l + 16 = m. Let g(r) = -2*r**3 + 2*r - 3*r**2 + 8 - 1 - 3 + 3*r**3. What is the tens digit of g(l)?
2
Suppose 0 = -53*s + 50*s + 2508. What is the hundreds digit of s?
8
Let u = 305 - 181. Let x = u - 40. Suppose -d + 2*f = -18, -3*d + x = 2*f - 10. What is the tens digit of d?
2
Let w = -2721 + 6552. What is the thousands digit of w?
3
Suppose -3*v + 5*m + 12 = 0, -2*v - 3 = 5*m - 11. Suppose v*y = 2*o + 22 + 12, 3*o = 3*y - 30. What is the units digit of y?
7
Let k(y) = -12*y + 1 - 12*y + 3. What is the units digit of k(-2)?
2
Let x = -64 + 1242. What is the hundreds digit of x?
1
Let r(b) = b**3 + b**2 - b - 4. Let g be r(-3). Let j = -23 - g. What is the tens digit of 2*j/(-2) - -8?
1
Suppose 0 = 2*g - 3*n + 16, 0 = -4*n + 5 + 11. What is the tens digit of -4 + g + 2 + 120 + 0?
1
Let n be 0/(0 - 10/(-5)). Suppose 2*l - l = n. Let q(y) = y + 72. What is the tens digit of q(l)?
7
Suppose b - 2*q - 2 = -3, -5*q = b + 1. What is the tens digit of 3 - b - (0 + 1 - 47)?
5
Suppose -21 - 131 = -m. Suppose 617 = 4*a - z, 2*z - m = 4*a - 774. What is the hundreds digit of a?
1
Let k(c) = 4 + 0*c + 2*c + 2*c - c**2. Let b be k(-6). Let i = -27 - b. What is the units digit of i?
9
Let c be (-1539)/(-45) - 2/10. Let b = c + -30. What is the units digit of b?
4
Suppose 13*y + 23*y - 360 = 0. What is the tens digit of y?
1
Suppose -15*g - 3*k + 4173 = -12*g, -7*g = -3*k - 9727. What is the tens digit of g?
9
What is the hundreds digit of (-5)/((-12)/(-10) - (-272357)/(-226810))?
1
Let c be -3 + (-8 + -1)*(-8)/24. Suppose c = 4*j - 657 - 63. What is the tens digit of j?
8
Let s(h) = 4*h**2. Let w be s(-1). Suppose 0 = -w*n + 118 + 210. What is the units digit of n?
2
Suppose 4*u = -0*v - 2*v - 6, 2*v - 6 = 0. Let n(t) = 3*t**2 - t + 4. Let f be n(u). Suppose -2*d + 6 = -f. What is the tens digit of d?
2
Let 